{"id":222,"date":"2010-01-27T21:09:16","date_gmt":"2010-01-27T20:09:16","guid":{"rendered":"http:\/\/armanami.org\/blog\/?page_id=222"},"modified":"2015-11-29T11:08:45","modified_gmt":"2015-11-29T10:08:45","slug":"meeting-et-manifestation-des-aroumains-a-bucarest","status":"publish","type":"page","link":"http:\/\/www.armanami.org\/blog\/articles-en-francais-english\/meeting-et-manifestation-des-aroumains-a-bucarest\/","title":{"rendered":"Meeting et manifestation des Aroumains \u00e0 Bucarest"},"content":{"rendered":"<p align=\"left\">Quelque 4 000 personnes ont r\u00e9pondu \u00e0 l\u2019appel de la Communaut\u00e9 des Aroumains de Roumanie de se r\u00e9unir pour demander leur reconnaissance comme minorit\u00e9 nationale dans ce pays, rapportent les quotidiens du mercredi 24 mai. Le rassemblement, \u00e0 la salle du Palais, a \u00e9t\u00e9 suivi d\u2019une manifestation dans les rues du centre de la capitale roumaine au terme de laquelle une requ\u00eate fut d\u00e9pos\u00e9e au si\u00e8ge du gouvernement.<br \/>\nLa demande du statut de minorit\u00e9 nationale n\u2019est pas nouvelle, elle a \u00e9t\u00e9 d\u00e9j\u00e0 formul\u00e9e il y a un an sans que les autorit\u00e9s apportent une r\u00e9ponse claire. A plusieurs reprises des campagnes de d\u00e9nigrement et d\u2019intimidation ont \u00e9t\u00e9 men\u00e9es dans les m\u00e9dias, ce qui ne semble pas avoir d\u00e9courag\u00e9 les int\u00e9ress\u00e9s.<br \/>\n\u00ab Il est temps que les Aroumains de Roumanie exigent leurs droits, des droits garantis par les lois de notre pays et par les normes europ\u00e9ennes : le droit \u00e0 leur propre identit\u00e9, le droit de conserver leur langue et leurs coutumes, le droit pour nos enfants d\u2019apprendre \u00e0 l\u2019\u00e9cole l\u2019aroumain parall\u00e8lement au roumain\u2026 \u00bb, a d\u00e9clar\u00e9 le pr\u00e9sident de la Communaut\u00e9 C. Canacheu \u00e0 la presse.<br \/>\nLa manifestation de mardi a eu lieu dans le cadre de la journ\u00e9e nationale des Aroumains, qui a lieu le m\u00eame jour dans plusieurs pays balkaniques o\u00f9 vivent des Aroumains qui comm\u00e9morent ainsi le statut de milet (nation) obtenu le 23 mai 1905 sous l\u2019Empire ottoman. A Bucarest, cette ann\u00e9e, le mot d\u2019ordre \u00e9tait \u00ab Iutsido, iuva \u00bb (Partout, nulle part). Il refl\u00e9tait, aux yeux des organisateurs, les difficult\u00e9s auxquelles se heurte cette vieille communaut\u00e9 pour obtenir la reconnaissance de ses particularit\u00e9s.<br \/>\nLors du meeting, l\u2019homme d\u2019affaires, patron de l\u2019\u00e9quipe de football Steaua et pr\u00e9sident du Parti Nouvelle G\u00e9n\u00e9ration (extr\u00eame droite nationaliste) Gigi Becali a quitt\u00e9 la salle peu apr\u00e8s son arriv\u00e9e sous les siffl\u00e9s des participants qui l\u2019ont trait\u00e9 de \u00ab parvenu \u00bb et \u00ab malotru \u00bb, rapporte Silviu Achim (\u00ab Gigi Becali hu\u00e9 lors de la Journ\u00e9e des Aroumains \u00bb, dans le quotidien Adevarul). Bien que d\u2019origine aroumaine, celui-ci n\u2019\u00e9tait pas le bienvenu ni invit\u00e9 d\u2019ailleurs \u00e0 l\u2019assembl\u00e9e parce qu\u2019il n\u2019est pas membre de la Communaut\u00e9 et parce que ses prises de position en public vont \u00e0 l\u2019encontre des revendications aroumaines.<br \/>\nLa Communaut\u00e9 des Aromains de Roumanie est une association regroupant de  nombreuses filiales r\u00e9gionales fond\u00e9e en 1991.<\/p>\n<p>23 mai 2006 \u2013 Bucarest<\/p>\n","protected":false},"excerpt":{"rendered":"<p>Quelque 4 000 personnes ont r\u00e9pondu \u00e0 l\u2019appel de la Communaut\u00e9 des Aroumains de Roumanie de se r\u00e9unir pour demander leur reconnaissance comme minorit\u00e9 nationale dans ce pays, rapportent les quotidiens du mercredi 24 mai. Le rassemblement, \u00e0 la salle du Palais, a \u00e9t\u00e9 suivi d\u2019une manifestation dans les rues du centre de la capitale [&hellip;]<\/p>\n","protected":false},"author":1,"featured_media":0,"parent":58,"menu_order":12,"comment_status":"open","ping_status":"closed","template":"","meta":{"_monsterinsights_skip_tracking":false,"_monsterinsights_sitenote_active":false,"_monsterinsights_sitenote_note":"","_monsterinsights_sitenote_category":0,"footnotes":""},"class_list":["post-222","page","type-page","status-publish","hentry"],"yoast_head":"<!-- This site is optimized with the Yoast SEO plugin v25.4 - https:\/\/yoast.com\/wordpress\/plugins\/seo\/ -->\n<title>Meeting et manifestation des Aroumains \u00e0 Bucarest - TRA ARMANAMI<\/title>\n<meta name=\"robots\" content=\"index, follow, max-snippet:-1, max-image-preview:large, max-video-preview:-1\" \/>\n<link rel=\"canonical\" href=\"http:\/\/www.armanami.org\/blog\/articles-en-francais-english\/meeting-et-manifestation-des-aroumains-a-bucarest\/\" \/>\n<meta property=\"og:locale\" content=\"en_US\" \/>\n<meta property=\"og:type\" content=\"article\" \/>\n<meta property=\"og:title\" content=\"Meeting et manifestation des Aroumains \u00e0 Bucarest - TRA ARMANAMI\" \/>\n<meta property=\"og:description\" content=\"Quelque 4 000 personnes ont r\u00e9pondu \u00e0 l\u2019appel de la Communaut\u00e9 des Aroumains de Roumanie de se r\u00e9unir pour demander leur reconnaissance comme minorit\u00e9 nationale dans ce pays, rapportent les quotidiens du mercredi 24 mai. Le rassemblement, \u00e0 la salle du Palais, a \u00e9t\u00e9 suivi d\u2019une manifestation dans les rues du centre de la capitale [&hellip;]\" \/>\n<meta property=\"og:url\" content=\"http:\/\/www.armanami.org\/blog\/articles-en-francais-english\/meeting-et-manifestation-des-aroumains-a-bucarest\/\" \/>\n<meta property=\"og:site_name\" content=\"TRA ARMANAMI\" \/>\n<meta property=\"article:modified_time\" content=\"2015-11-29T10:08:45+00:00\" \/>\n<meta name=\"twitter:card\" content=\"summary_large_image\" \/>\n<meta name=\"twitter:label1\" content=\"Est. reading time\" \/>\n\t<meta name=\"twitter:data1\" content=\"2 minutes\" \/>\n<script type=\"application\/ld+json\" class=\"yoast-schema-graph\">{\"@context\":\"https:\/\/schema.org\",\"@graph\":[{\"@type\":\"WebPage\",\"@id\":\"http:\/\/www.armanami.org\/blog\/articles-en-francais-english\/meeting-et-manifestation-des-aroumains-a-bucarest\/\",\"url\":\"http:\/\/www.armanami.org\/blog\/articles-en-francais-english\/meeting-et-manifestation-des-aroumains-a-bucarest\/\",\"name\":\"Meeting et manifestation des Aroumains \u00e0 Bucarest - TRA ARMANAMI\",\"isPartOf\":{\"@id\":\"http:\/\/www.armanami.org\/blog\/#website\"},\"datePublished\":\"2010-01-27T20:09:16+00:00\",\"dateModified\":\"2015-11-29T10:08:45+00:00\",\"breadcrumb\":{\"@id\":\"http:\/\/www.armanami.org\/blog\/articles-en-francais-english\/meeting-et-manifestation-des-aroumains-a-bucarest\/#breadcrumb\"},\"inLanguage\":\"en-US\",\"potentialAction\":[{\"@type\":\"ReadAction\",\"target\":[\"http:\/\/www.armanami.org\/blog\/articles-en-francais-english\/meeting-et-manifestation-des-aroumains-a-bucarest\/\"]}]},{\"@type\":\"BreadcrumbList\",\"@id\":\"http:\/\/www.armanami.org\/blog\/articles-en-francais-english\/meeting-et-manifestation-des-aroumains-a-bucarest\/#breadcrumb\",\"itemListElement\":[{\"@type\":\"ListItem\",\"position\":1,\"name\":\"Home\",\"item\":\"http:\/\/www.armanami.org\/blog\/\"},{\"@type\":\"ListItem\",\"position\":2,\"name\":\"Articles en fran\u00e7ais \/ english\",\"item\":\"http:\/\/www.armanami.org\/blog\/articles-en-francais-english\/\"},{\"@type\":\"ListItem\",\"position\":3,\"name\":\"Meeting et manifestation des Aroumains \u00e0 Bucarest\"}]},{\"@type\":\"WebSite\",\"@id\":\"http:\/\/www.armanami.org\/blog\/#website\",\"url\":\"http:\/\/www.armanami.org\/blog\/\",\"name\":\"TRA ARMANAMI\",\"description\":\"Habari di la armanj luati sh&#039;la armanj dati\",\"potentialAction\":[{\"@type\":\"SearchAction\",\"target\":{\"@type\":\"EntryPoint\",\"urlTemplate\":\"http:\/\/www.armanami.org\/blog\/?s={search_term_string}\"},\"query-input\":{\"@type\":\"PropertyValueSpecification\",\"valueRequired\":true,\"valueName\":\"search_term_string\"}}],\"inLanguage\":\"en-US\"}]}<\/script>\n<!-- \/ Yoast SEO plugin. -->","yoast_head_json":{"title":"Meeting et manifestation des Aroumains \u00e0 Bucarest - TRA ARMANAMI","robots":{"index":"index","follow":"follow","max-snippet":"max-snippet:-1","max-image-preview":"max-image-preview:large","max-video-preview":"max-video-preview:-1"},"canonical":"http:\/\/www.armanami.org\/blog\/articles-en-francais-english\/meeting-et-manifestation-des-aroumains-a-bucarest\/","og_locale":"en_US","og_type":"article","og_title":"Meeting et manifestation des Aroumains \u00e0 Bucarest - TRA ARMANAMI","og_description":"Quelque 4 000 personnes ont r\u00e9pondu \u00e0 l\u2019appel de la Communaut\u00e9 des Aroumains de Roumanie de se r\u00e9unir pour demander leur reconnaissance comme minorit\u00e9 nationale dans ce pays, rapportent les quotidiens du mercredi 24 mai. Le rassemblement, \u00e0 la salle du Palais, a \u00e9t\u00e9 suivi d\u2019une manifestation dans les rues du centre de la capitale [&hellip;]","og_url":"http:\/\/www.armanami.org\/blog\/articles-en-francais-english\/meeting-et-manifestation-des-aroumains-a-bucarest\/","og_site_name":"TRA ARMANAMI","article_modified_time":"2015-11-29T10:08:45+00:00","twitter_card":"summary_large_image","twitter_misc":{"Est. reading time":"2 minutes"},"schema":{"@context":"https:\/\/schema.org","@graph":[{"@type":"WebPage","@id":"http:\/\/www.armanami.org\/blog\/articles-en-francais-english\/meeting-et-manifestation-des-aroumains-a-bucarest\/","url":"http:\/\/www.armanami.org\/blog\/articles-en-francais-english\/meeting-et-manifestation-des-aroumains-a-bucarest\/","name":"Meeting et manifestation des Aroumains \u00e0 Bucarest - TRA ARMANAMI","isPartOf":{"@id":"http:\/\/www.armanami.org\/blog\/#website"},"datePublished":"2010-01-27T20:09:16+00:00","dateModified":"2015-11-29T10:08:45+00:00","breadcrumb":{"@id":"http:\/\/www.armanami.org\/blog\/articles-en-francais-english\/meeting-et-manifestation-des-aroumains-a-bucarest\/#breadcrumb"},"inLanguage":"en-US","potentialAction":[{"@type":"ReadAction","target":["http:\/\/www.armanami.org\/blog\/articles-en-francais-english\/meeting-et-manifestation-des-aroumains-a-bucarest\/"]}]},{"@type":"BreadcrumbList","@id":"http:\/\/www.armanami.org\/blog\/articles-en-francais-english\/meeting-et-manifestation-des-aroumains-a-bucarest\/#breadcrumb","itemListElement":[{"@type":"ListItem","position":1,"name":"Home","item":"http:\/\/www.armanami.org\/blog\/"},{"@type":"ListItem","position":2,"name":"Articles en fran\u00e7ais \/ english","item":"http:\/\/www.armanami.org\/blog\/articles-en-francais-english\/"},{"@type":"ListItem","position":3,"name":"Meeting et manifestation des Aroumains \u00e0 Bucarest"}]},{"@type":"WebSite","@id":"http:\/\/www.armanami.org\/blog\/#website","url":"http:\/\/www.armanami.org\/blog\/","name":"TRA ARMANAMI","description":"Habari di la armanj luati sh&#039;la armanj dati","potentialAction":[{"@type":"SearchAction","target":{"@type":"EntryPoint","urlTemplate":"http:\/\/www.armanami.org\/blog\/?s={search_term_string}"},"query-input":{"@type":"PropertyValueSpecification","valueRequired":true,"valueName":"search_term_string"}}],"inLanguage":"en-US"}]}},"_links":{"self":[{"href":"http:\/\/www.armanami.org\/blog\/wp-json\/wp\/v2\/pages\/222","targetHints":{"allow":["GET"]}}],"collection":[{"href":"http:\/\/www.armanami.org\/blog\/wp-json\/wp\/v2\/pages"}],"about":[{"href":"http:\/\/www.armanami.org\/blog\/wp-json\/wp\/v2\/types\/page"}],"author":[{"embeddable":true,"href":"http:\/\/www.armanami.org\/blog\/wp-json\/wp\/v2\/users\/1"}],"replies":[{"embeddable":true,"href":"http:\/\/www.armanami.org\/blog\/wp-json\/wp\/v2\/comments?post=222"}],"version-history":[{"count":3,"href":"http:\/\/www.armanami.org\/blog\/wp-json\/wp\/v2\/pages\/222\/revisions"}],"predecessor-version":[{"id":225,"href":"http:\/\/www.armanami.org\/blog\/wp-json\/wp\/v2\/pages\/222\/revisions\/225"}],"up":[{"embeddable":true,"href":"http:\/\/www.armanami.org\/blog\/wp-json\/wp\/v2\/pages\/58"}],"wp:attachment":[{"href":"http:\/\/www.armanami.org\/blog\/wp-json\/wp\/v2\/media?parent=222"}],"curies":[{"name":"wp","href":"https:\/\/api.w.org\/{rel}","templated":true}]}}

Meeting et manifestation des Aroumains à Bucarest

<p align="left">Quelque 4 000 personnes ont répondu à l’appel de la Communauté des Aroumains de Roumanie de se réunir pour demander leur reconnaissance comme minorité nationale dans ce pays, rapportent les quotidiens du mercredi 24 mai. Le rassemblement, à la salle du Palais, a été suivi d’une manifestation dans les rues du centre de la capitale roumaine au terme de laquelle une requête fut déposée au siège du gouvernement.<br />
La demande du statut de minorité nationale n’est pas nouvelle, elle a été déjà formulée il y a un an sans que les autorités apportent une réponse claire. A plusieurs reprises des campagnes de dénigrement et d’intimidation ont été menées dans les médias, ce qui ne semble pas avoir découragé les intéressés.<br />
« Il est temps que les Aroumains de Roumanie exigent leurs droits, des droits garantis par les lois de notre pays et par les normes européennes : le droit à leur propre identité, le droit de conserver leur langue et leurs coutumes, le droit pour nos enfants d’apprendre à l’école l’aroumain parallèlement au roumain… », a déclaré le président de la Communauté C. Canacheu à la presse.<br />
La manifestation de mardi a eu lieu dans le cadre de la journée nationale des Aroumains, qui a lieu le même jour dans plusieurs pays balkaniques où vivent des Aroumains qui commémorent ainsi le statut de milet (nation) obtenu le 23 mai 1905 sous l’Empire ottoman. A Bucarest, cette année, le mot d’ordre était « Iutsido, iuva » (Partout, nulle part). Il reflétait, aux yeux des organisateurs, les difficultés auxquelles se heurte cette vieille communauté pour obtenir la reconnaissance de ses particularités.<br />
Lors du meeting, l’homme d’affaires, patron de l’équipe de football Steaua et président du Parti Nouvelle Génération (extrême droite nationaliste) Gigi Becali a quitté la salle peu après son arrivée sous les sifflés des participants qui l’ont traité de « parvenu » et « malotru », rapporte Silviu Achim (« Gigi Becali hué lors de la Journée des Aroumains », dans le quotidien Adevarul). Bien que d’origine aroumaine, celui-ci n’était pas le bienvenu ni invité d’ailleurs à l’assemblée parce qu’il n’est pas membre de la Communauté et parce que ses prises de position en public vont à l’encontre des revendications aroumaines.<br />
La Communauté des Aromains de Roumanie est une association regroupant de  nombreuses filiales régionales fondée en 1991.</p>
<p>23 mai 2006 – Bucarest</p>

<p>Quelque 4 000 personnes ont répondu à l’appel de la Communauté des Aroumains de Roumanie de se réunir pour demander leur reconnaissance comme minorité nationale dans ce pays, rapportent les quotidiens du mercredi 24 mai. Le rassemblement, à la salle du Palais, a été suivi d’une manifestation dans les rues du centre de la capitale [&hellip;]</p>

<!-- This site is optimized with the Yoast SEO plugin v25.4 - https://yoast.com/wordpress/plugins/seo/ -->
<title>Meeting et manifestation des Aroumains à Bucarest - TRA ARMANAMI</title>
<meta name="robots" content="index, follow, max-snippet:-1, max-image-preview:large, max-video-preview:-1" />
<link rel="canonical" href="http://www.armanami.org/blog/articles-en-francais-english/meeting-et-manifestation-des-aroumains-a-bucarest/" />
<meta property="og:locale" content="en_US" />
<meta property="og:type" content="article" />
<meta property="og:title" content="Meeting et manifestation des Aroumains à Bucarest - TRA ARMANAMI" />
<meta property="og:description" content="Quelque 4 000 personnes ont répondu à l’appel de la Communauté des Aroumains de Roumanie de se réunir pour demander leur reconnaissance comme minorité nationale dans ce pays, rapportent les quotidiens du mercredi 24 mai. Le rassemblement, à la salle du Palais, a été suivi d’une manifestation dans les rues du centre de la capitale [&hellip;]" />
<meta property="og:url" content="http://www.armanami.org/blog/articles-en-francais-english/meeting-et-manifestation-des-aroumains-a-bucarest/" />
<meta property="og:site_name" content="TRA ARMANAMI" />
<meta property="article:modified_time" content="2015-11-29T10:08:45+00:00" />
<meta name="twitter:card" content="summary_large_image" />
<meta name="twitter:label1" content="Est. reading time" />
	<meta name="twitter:data1" content="2 minutes" />
<script type="application/ld+json" class="yoast-schema-graph">{"@context":"https://schema.org","@graph":[{"@type":"WebPage","@id":"http://www.armanami.org/blog/articles-en-francais-english/meeting-et-manifestation-des-aroumains-a-bucarest/","url":"http://www.armanami.org/blog/articles-en-francais-english/meeting-et-manifestation-des-aroumains-a-bucarest/","name":"Meeting et manifestation des Aroumains à Bucarest - TRA ARMANAMI","isPartOf":{"@id":"http://www.armanami.org/blog/#website"},"datePublished":"2010-01-27T20:09:16+00:00","dateModified":"2015-11-29T10:08:45+00:00","breadcrumb":{"@id":"http://www.armanami.org/blog/articles-en-francais-english/meeting-et-manifestation-des-aroumains-a-bucarest/#breadcrumb"},"inLanguage":"en-US","potentialAction":[{"@type":"ReadAction","target":["http://www.armanami.org/blog/articles-en-francais-english/meeting-et-manifestation-des-aroumains-a-bucarest/"]}]},{"@type":"BreadcrumbList","@id":"http://www.armanami.org/blog/articles-en-francais-english/meeting-et-manifestation-des-aroumains-a-bucarest/#breadcrumb","itemListElement":[{"@type":"ListItem","position":1,"name":"Home","item":"http://www.armanami.org/blog/"},{"@type":"ListItem","position":2,"name":"Articles en français / english","item":"http://www.armanami.org/blog/articles-en-francais-english/"},{"@type":"ListItem","position":3,"name":"Meeting et manifestation des Aroumains à Bucarest"}]},{"@type":"WebSite","@id":"http://www.armanami.org/blog/#website","url":"http://www.armanami.org/blog/","name":"TRA ARMANAMI","description":"Habari di la armanj luati sh&#039;la armanj dati","potentialAction":[{"@type":"SearchAction","target":{"@type":"EntryPoint","urlTemplate":"http://www.armanami.org/blog/?s={search_term_string}"},"query-input":{"@type":"PropertyValueSpecification","valueRequired":true,"valueName":"search_term_string"}}],"inLanguage":"en-US"}]}</script>
<!-- / Yoast SEO plugin. -->

Meeting et manifestation des Aroumains à Bucarest - TRA ARMANAMI

Quelque 4 000 personnes ont répondu à l’appel de la Communauté des Aroumains de Roumanie de se réunir pour demander leur reconnaissance comme minorité nationale dans ce pays, rapportent les quotidiens du mercredi 24 mai. Le rassemblement, à la salle du Palais, a été suivi d’une manifestation dans les rues du centre de la capitale [&hellip;]

Articles en français / english
